{"id":164,"date":"2021-04-20T09:57:37","date_gmt":"2021-04-20T09:57:37","guid":{"rendered":"http:\/\/aquaingenieriasas.com\/?page_id=164"},"modified":"2024-02-26T03:32:48","modified_gmt":"2024-02-26T03:32:48","slug":"about-us-01","status":"publish","type":"page","link":"https:\/\/aquaingenieriasas.com\/?page_id=164","title":{"rendered":"Sobre Nosotros"},"content":{"rendered":"<p>[vc_row full_width=\u00bbstretch_row\u00bb full_height=\u00bbyes\u00bb columns_placement=\u00bbtop\u00bb css=\u00bb.vc_custom_1707781707482{background-image: url(http:\/\/aquaingenieriasas.com\/wp-content\/uploads\/2024\/02\/gdfgfdhgh.png?id=3244) !important;background-position: center !important;background-repeat: no-repeat !important;background-size: cover !important;}\u00bb el_class=\u00bbvc-col-no-pt\u00bb][vc_column][g5element_space spacing=\u00bb245&#8243; spacing_md=\u00bb120&#8243;][g5element_heading layout_style=\u00bbstyle-02&#8243; title=\u00bbNOSOTROS\u00bb subtitle=\u00bbTODO SOBRE\u00bb switch_line_field=\u00bbon\u00bb title_typography=\u00bb%7B%22font_family%22%3A%22%22%2C%22font_weight%22%3A%22%22%2C%22font_style%22%3A%22%22%2C%22font_size_lg%22%3A%22100%22%2C%22font_size_md%22%3A%22%22%2C%22font_size_sm%22%3A%22%22%2C%22font_size_xs%22%3A%2260%22%2C%22align%22%3A%22%22%2C%22text_transform%22%3A%22%22%2C%22line_height%22%3A%221%22%2C%22letter_spacing%22%3A%22%22%2C%22color%22%3A%22%23ffffff%22%2C%22hover_color%22%3A%22%22%7D\u00bb subtitle_typography=\u00bb%7B%22font_family%22%3A%22%22%2C%22font_weight%22%3A%22%22%2C%22font_style%22%3A%22%22%2C%22font_size_lg%22%3A%2220%22%2C%22font_size_md%22%3A%22%22%2C%22font_size_sm%22%3A%22%22%2C%22font_size_xs%22%3A%22%22%2C%22align%22%3A%22%22%2C%22text_transform%22%3A%22capitalize%22%2C%22line_height%22%3A%22%22%2C%22letter_spacing%22%3A%220%22%2C%22color%22%3A%22%23ffffff%22%2C%22hover_color%22%3A%22%22%7D\u00bb][\/vc_column][\/vc_row][vc_row][vc_column offset=\u00bbvc_col-lg-offset-1 vc_col-lg-10 vc_col-md-12&#8243; el_class=\u00bblg-col-pd-left-right-15&#8243; css=\u00bb.vc_custom_1620197640542{padding-right: 85px !important;padding-left: 85px !important;}\u00bb][g5element_space spacing=\u00bb38&#8243; spacing_md=\u00bb18&#8243;][vc_column_text css=\u00bb.vc_custom_1708918365198{margin-bottom: 0px !important;}\u00bb]<\/p>\n<h2 style=\"text-align: center;\"><span style=\"color: #00ccff;\">QUIENES SOMOS<\/span><\/h2>\n<h4 style=\"text-align: center;\">AQUA INGENIERIA AMBIENTAL S A S es una empresa especializada en sistemas para el tratamiento de aguas residuales dom\u00e9sticas e industriales, y consultor\u00eda ambiental Conformada por un equipo multidisciplinario en ingenier\u00eda, constantemente dispuesto a generar e implementar conocimientos y estrategias de vanguardia para proteger el medio ambiente contando con la experiencia de m\u00e1s de 30 a\u00f1os del gestor.<\/h4>\n<p>&nbsp;<\/p>\n<h4 style=\"text-align: center;\">Nace de la necesidad latente por crear medios para preservar, proteger y defender el medio ambiente, afectado por una industria de crecimiento exponencial su gestor, con una amplia experiencia en metalmec\u00e1nica y gesti\u00f3n de proyectos, re\u00fane a un equipo de expertos para empezar a trabajar por esta causa de vital importancia<\/h4>\n<p>&nbsp;<\/p>\n<h2 style=\"text-align: center;\"><span style=\"color: #00ccff;\">MISI\u00d3N<\/span><\/h2>\n<h4 style=\"text-align: center;\">Calcular, construir e instalar sistemas de<br \/>\ntratamiento de aguas residuales, haciendo uso de lo mejor en tecnolog\u00eda y un talento humano superior, para fomentar as\u00ed, una cultura de pr\u00e1cticas amigables con el medio ambiente<br \/>\ngenerando valor a la comunidad<\/h4>\n<p>&nbsp;<\/p>\n<h2 style=\"text-align: center;\"><span style=\"color: #00ccff;\">VISI\u00d3N<\/span><\/h2>\n<h4 style=\"text-align: center;\">Para el a\u00f1o 2028 seremos una empresa l\u00edder en consultor\u00eda y ejecuci\u00f3n de proyectos de ingenier\u00eda sanitaria y ambiental, siendo reconocidos a nivel nacional como una organizaci\u00f3n capaz de dar soluci\u00f3n eficaz y eficiente a cualquier requerimiento en esta \u00e1rea<\/h4>\n<p>&nbsp;<\/p>\n<h4 style=\"text-align: center;\"><\/h4>\n<p>[\/vc_column_text][g5element_space spacing=\u00bb38&#8243; spacing_md=\u00bb18&#8243;][g5element_heading layout_style=\u00bbstyle-02&#8243; title=\u00bbNUESTRAS ALIANZAS\u00bb switch_line_field=\u00bbon\u00bb title_typography=\u00bb%7B%22font_family%22%3A%22%22%2C%22font_weight%22%3A%22%22%2C%22font_style%22%3A%22%22%2C%22font_size_lg%22%3A%2245%22%2C%22font_size_md%22%3A%22%22%2C%22font_size_sm%22%3A%22%22%2C%22font_size_xs%22%3A%2260%22%2C%22align%22%3A%22%22%2C%22text_transform%22%3A%22%22%2C%22line_height%22%3A%221%22%2C%22letter_spacing%22%3A%22%22%2C%22color%22%3A%22dark%22%2C%22hover_color%22%3A%22%22%7D\u00bb subtitle_typography=\u00bb%7B%22font_family%22%3A%22%22%2C%22font_weight%22%3A%22%22%2C%22font_style%22%3A%22%22%2C%22font_size_lg%22%3A%2220%22%2C%22font_size_md%22%3A%22%22%2C%22font_size_sm%22%3A%22%22%2C%22font_size_xs%22%3A%22%22%2C%22align%22%3A%22%22%2C%22text_transform%22%3A%22capitalize%22%2C%22line_height%22%3A%22%22%2C%22letter_spacing%22%3A%220%22%2C%22color%22%3A%22%23ffffff%22%2C%22hover_color%22%3A%22%22%7D\u00bb][g5element_space spacing=\u00bb38&#8243; spacing_md=\u00bb18&#8243;][\/vc_column][\/vc_row][vc_row][vc_column width=\u00bb1\/2&#8243;][vc_single_image image=\u00bb3362&#8243; img_size=\u00bbmedium\u00bb alignment=\u00bbcenter\u00bb][\/vc_column][vc_column width=\u00bb1\/2&#8243;][vc_single_image image=\u00bb3363&#8243; img_size=\u00bbmedium\u00bb alignment=\u00bbcenter\u00bb][\/vc_column][\/vc_row][vc_row][vc_column][g5element_space spacing=\u00bb120&#8243; spacing_md=\u00bb90&#8243;][\/vc_column][\/vc_row]<\/p>\n","protected":false},"excerpt":{"rendered":"<p>[vc_row full_width=\u00bbstretch_row\u00bb full_height=\u00bbyes\u00bb columns_placement=\u00bbtop\u00bb css=\u00bb.vc_custom_1707781707482{background-image: url(http:\/\/aquaingenieriasas.com\/wp-content\/uploads\/2024\/02\/gdfgfdhgh.png?id=3244) !important;background-position: center !important;background-repeat: no-repeat !important;background-size: cover !important;}\u00bb el_class=\u00bbvc-col-no-pt\u00bb][vc_column][g5element_space spacing=\u00bb245&#8243; spacing_md=\u00bb120&#8243;][g5element_heading layout_style=\u00bbstyle-02&#8243; title=\u00bbNOSOTROS\u00bb subtitle=\u00bbTODO SOBRE\u00bb switch_line_field=\u00bbon\u00bb title_typography=\u00bb%7B%22font_family%22%3A%22%22%2C%22font_weight%22%3A%22%22%2C%22font_style%22%3A%22%22%2C%22font_size_lg%22%3A%22100%22%2C%22font_size_md%22%3A%22%22%2C%22font_size_sm%22%3A%22%22%2C%22font_size_xs%22%3A%2260%22%2C%22align%22%3A%22%22%2C%22text_transform%22%3A%22%22%2C%22line_height%22%3A%221%22%2C%22letter_spacing%22%3A%22%22%2C%22color%22%3A%22%23ffffff%22%2C%22hover_color%22%3A%22%22%7D\u00bb subtitle_typography=\u00bb%7B%22font_family%22%3A%22%22%2C%22font_weight%22%3A%22%22%2C%22font_style%22%3A%22%22%2C%22font_size_lg%22%3A%2220%22%2C%22font_size_md%22%3A%22%22%2C%22font_size_sm%22%3A%22%22%2C%22font_size_xs%22%3A%22%22%2C%22align%22%3A%22%22%2C%22text_transform%22%3A%22capitalize%22%2C%22line_height%22%3A%22%22%2C%22letter_spacing%22%3A%220%22%2C%22color%22%3A%22%23ffffff%22%2C%22hover_color%22%3A%22%22%7D\u00bb][\/vc_column][\/vc_row][vc_row][vc_column offset=\u00bbvc_col-lg-offset-1 vc_col-lg-10 vc_col-md-12&#8243; el_class=\u00bblg-col-pd-left-right-15&#8243; css=\u00bb.vc_custom_1620197640542{padding-right: 85px !important;padding-left: 85px !important;}\u00bb][g5element_space spacing=\u00bb38&#8243; spacing_md=\u00bb18&#8243;][vc_column_text css=\u00bb.vc_custom_1708918365198{margin-bottom: 0px !important;}\u00bb] QUIENES SOMOS AQUA INGENIERIA AMBIENTAL S A S es una empresa especializada en sistemas para el tratamiento de [&hellip;]<\/p>\n","protected":false},"author":1,"featured_media":0,"parent":0,"menu_order":0,"comment_status":"closed","ping_status":"closed","template":"","meta":{"footnotes":""},"class_list":["post-164","page","type-page","status-publish","hentry"],"_links":{"self":[{"href":"https:\/\/aquaingenieriasas.com\/index.php?rest_route=\/wp\/v2\/pages\/164","targetHints":{"allow":["GET"]}}],"collection":[{"href":"https:\/\/aquaingenieriasas.com\/index.php?rest_route=\/wp\/v2\/pages"}],"about":[{"href":"https:\/\/aquaingenieriasas.com\/index.php?rest_route=\/wp\/v2\/types\/page"}],"author":[{"embeddable":true,"href":"https:\/\/aquaingenieriasas.com\/index.php?rest_route=\/wp\/v2\/users\/1"}],"replies":[{"embeddable":true,"href":"https:\/\/aquaingenieriasas.com\/index.php?rest_route=%2Fwp%2Fv2%2Fcomments&post=164"}],"version-history":[{"count":22,"href":"https:\/\/aquaingenieriasas.com\/index.php?rest_route=\/wp\/v2\/pages\/164\/revisions"}],"predecessor-version":[{"id":2925,"href":"https:\/\/aquaingenieriasas.com\/index.php?rest_route=\/wp\/v2\/pages\/164\/revisions\/2925"}],"wp:attachment":[{"href":"https:\/\/aquaingenieriasas.com\/index.php?rest_route=%2Fwp%2Fv2%2Fmedia&parent=164"}],"curies":[{"name":"wp","href":"https:\/\/api.w.org\/{rel}","templated":true}]}}